e
Does 36 divide 3686?
False
Is 17 a factor of 589?
False
Is 196 a factor of 59356?
False
Is 31 a factor of 256?
False
Is 2829 a multiple of 23?
True
Is 11 a multiple of 9?
False
Does 10 divide 780?
True
Does 15 divide 255?
True
Does 63 divide 1124?
False
Does 19 divide 1026?
True
Is 67370 a multiple of 14?
False
Is 41 a factor of 1845?
True
Does 188 divide 51512?
True
Is 21 a factor of 3219?
False
Does 65 divide 845?
True
Does 17 divide 32230?
False
Does 16 divide 47360?
True
Is 6 a multiple of 6?
True
Is 4076 a multiple of 2?
True
Is 529 a multiple of 23?
True
Does 8 divide 12912?
True
Is 6 a factor of 243?
False
Does 11 divide 1692?
False
Is 8 a factor of 35754?
False
Is 812 a multiple of 45?
False
Does 4 divide 3220?
True
Does 33 divide 1551?
True
Is 1058 a multiple of 22?
False
Is 29737 a multiple of 5?
False
Is 7 a factor of 847?
True
Is 473 a multiple of 12?
False
Is 26117 a multiple of 33?
False
Is 46 a factor of 11408?
True
Does 6 divide 6574?
False
Does 54 divide 19004?
False
Is 54813 a multiple of 32?
False
Does 12 divide 17940?
True
Does 67 divide 979?
False
Is 3 a factor of 251?
False
Does 15 divide 1950?
True
Is 265 a multiple of 53?
True
Does 8 divide 1492?
False
Is 5 a factor of 1513?
False
Is 7056 a multiple of 112?
True
Does 14 divide 9901?
False
Is 11 a factor of 1067?
True
Is 65 a multiple of 5?
True
Is 6728 a multiple of 8?
True
Is 20819 a multiple of 8?
False
Is 2 a factor of 210?
True
Is 21714 a multiple of 14?
True
Does 82 divide 33062?
False
Is 17 a factor of 13957?
True
Is 5 a factor of 5?
True
Does 21 divide 3611?
False
Does 3 divide 255?
True
Does 4 divide 16670?
False
Is 69 a factor of 65688?
True
Does 9 divide 2970?
True
Is 120 a factor of 10680?
True
Is 28 a factor of 476?
True
Is 345 a multiple of 23?
True
Is 10 a factor of 1480?
True
Is 14 a factor of 31514?
True
Is 6726 a multiple of 45?
False
Does 34 divide 986?
True
Is 6 a factor of 14?
False
Does 43 divide 5696?
False
Does 8 divide 2647?
False
Is 6075 a multiple of 4?
False
Does 108 divide 2916?
True
Does 399 divide 123291?
True
Is 2 a factor of 365?
False
Does 5 divide 572?
False
Does 4 divide 4?
True
Does 52 divide 1300?
True
Does 14 divide 459?
False
Does 102 divide 11749?
False
Does 348 divide 31312?
False
Is 59 a factor of 11269?
True
Does 37 divide 629?
True
Is 17 a factor of 36533?
True
Does 12 divide 162?
False
Does 10 divide 6711?
False
Does 2 divide 933?
False
Is 3 a factor of 1381?
False
Does 89 divide 17177?
True
Is 13652 a multiple of 8?
False
Is 29 a factor of 638?
True
Does 62 divide 198?
False
Is 12 a factor of 12240?
True
Does 8 divide 4104?
True
Does 5 divide 305?
True
Is 55 a factor of 903?
False
Is 8 a factor of 2021?
False
Is 40 a factor of 840?
True
Is 46 a factor of 957?
False
Is 67 a factor of 7187?
False
Does 3 divide 212?
False
Is 6720 a multiple of 70?
True
Does 13 divide 2827?
False
Is 13 a factor of 1144?
True
Is 3136 a multiple of 32?
True
Is 626 a multiple of 40?
False
Is 21862 a multiple of 15?
False
Is 342 a multiple of 48?
False
Does 18 divide 3888?
True
Is 123 a factor of 5043?
True
Is 2658 a multiple of 6?
True
Does 6 divide 570?
True
Is 77 a factor of 10703?
True
Is 5112 a multiple of 12?
True
Is 909 a multiple of 9?
True
Does 20 divide 2060?
True
Is 40 a factor of 9638?
False
Is 500 a multiple of 8?
False
Does 42 divide 715?
False
Is 176 a multiple of 3?
False
Is 32 a factor of 320?
True
Is 9 a factor of 675?
True
Is 50 a factor of 40087?
False
Is 13 a factor of 507?
True
Does 122 divide 10630?
False
Is 65 a factor of 3115?
False
Does 34 divide 493?
False
Is 80 a multiple of 14?
False
Is 35 a factor of 724?
False
Is 448 a multiple of 32?
True
Is 32668 a multiple of 75?
False
Is 25 a factor of 34695?
False
Does 12 divide 4370?
False
Is 26758 a multiple of 17?
True
Is 37356 a multiple of 13?
False
Is 7663 a multiple of 119?
False
Is 275 a multiple of 18?
False
Is 13442 a multiple of 13?
True
Does 10 divide 26080?
True
Is 6369 a multiple of 33?
True
Does 65 divide 3380?
True
Does 6 divide 48?
True
Does 24 divide 901?
False
Is 57 a factor of 17373?
False
Is 6 a factor of 19290?
True
Does 5 divide 22247?
False
Does 29 divide 387?
False
Is 2 a factor of 1696?
True
Is 53 a factor of 14635?
False
Is 29 a factor of 101?
False
Is 216 a factor of 30888?
True
Is 7 a factor of 241?
False
Is 4 a factor of 1132?
True
Is 2627 a multiple of 9?
False
Does 32 divide 3075?
False
Does 24 divide 3521?
False
Does 63 divide 30993?
False
Is 598 a multiple of 5?
False
Is 103684 a multiple of 127?
False
Is 324 a multiple of 9?
True
Is 30 a factor of 19260?
True
Does 42 divide 433?
False
Is 18189 a multiple of 12?
False
Does 65 divide 6588?
False
Is 57288 a multiple of 93?
True
Is 51 a factor of 14025?
True
Does 4 divide 948?
True
Does 16 divide 5294?
False
Is 11736 a multiple of 12?
True
Is 198 a factor of 7434?
False
Does 3 divide 8330?
False
Is 12 a factor of 264?
True
Does 6 divide 329?
False
Does 36 divide 7632?
True
Is 13253 a multiple of 5?
False
Is 3285 a multiple of 8?
False
Does 4 divide 276?
True
Does 10 divide 140?
True
Is 8 a factor of 25304?
True
Does 3 divide 270?
True
Is 22 a factor of 73097?
False
Is 5961 a multiple of 4?
False
Does 10 divide 30?
True
Is 76 a factor of 3748?
False
Does 10 divide 87?
False
Is 47815 a multiple of 109?
False
Is 524 a multiple of 17?
False
Is 8790 a multiple of 30?
True
Is 49 a factor of 1274?
True
Is 65854 a multiple of 19?
True
Does 22 divide 443?
False
Does 14 divide 17010?
True
Does 34 divide 3910?
True
Does 22 divide 42196?
True
Is 15945 a multiple of 20?
False
Is 56 a factor of 1120?
True
Is 4 a factor of 412?
True
Is 1140 a multiple of 19?
True
Does 6 divide 90?
True
Is 16 a factor of 45715?
False
Is 25 a multiple of 2?
False
Is 105 a factor of 2940?
True
Is 236 a factor of 10148?
True
Does 42 divide 8190?
True
Is 10 a factor of 490?
True
Is 184 a factor of 13336?
False
Is 50 a factor of 1373?
False
Is 19 a factor of 15420?
False
Does 24 divide 1194?
False
Is 1104 a multiple of 12?
True
Is 12 a factor of 23791?
False
Is 558 a multiple of 62?
True
Is 65 a factor of 3120?
True
Is 376 a factor of 75976?
False
Does 46 divide 5562?
False
Is 64 a factor of 27828?
False
Is 155 a factor of 13795?
True
Is 11234 a multiple of 48?
False
Is 13 a factor of 14183?
True
Is 4848 a multiple of 2?
True
Does 35 divide 6370?
True
Is 19435 a multiple of 13?
True
Does 12 divide 1104?
True
Does 14 divide 2114?
True
Does 3 divide 420?
True
Is 5197 a multiple of 7?
False
Does 73 divide 7446?
True
Is 51 a multiple of 36?
False
Does 63 divide 31815?
True
Is 49 a factor of 5026?
False
Is 12 a factor of 43908?
True
Is 6854 a multiple of 23?
True
Does 12 divide 600?
True
Does 31 divide 18662?
True
Is 16 a factor of 5520?
True
Is 914 a multiple of 3?
False
Is 1995 a multiple of 48?
False
Is 29 a factor of 752?
False
Is 26180 a multiple of 20?
True
Does 9 divide 810?
True
Does 34 divide 4289?
False
Is 8112 a multiple of 12?
True
Does 24 divide 7728?
True
Is 45 a factor of 869?
False
Is 1352 a multiple of 26?
True
Is 735 a multiple of 35?
True
Is 520 a multiple of 5?
True
Is 14720 a multiple of 80?
True
Does 61 divide 148?
False
Does 7 divide 18?
False
Does 21 divide 588?
True
Is 2562 a multiple of 6?
True
Does 40 divide 1560?
True
Is 16188 a multiple of 57?
True
Is 61856 a multiple of 16?
True
Is 59 a factor of 1593?
True
Does 19 divide 10298?
True
Is 4 a factor of 325?
False
Is 70 a factor of 10010?
True
Is 32 a factor of 224?
True
Does 22 divide 1708?
False
Is 721 a multiple of 37?
False
Is 33184 a multiple of 17?
True
Is 13795 a multiple of 89?
True
Is 24 a factor of 1275?
False
Does 5 divide 1505?
True
Is 30503 a multiple of 174?
False
Is 28 a factor of 449?
False
Is 12 a factor of 701?
False
Does 7 divide 90?
False
Is 69 a factor of 346?
False
Is 10 a factor of 1243?
False
Is 6534 a multiple of 123?
False
Does 347 divide 25331?
True
Is 35 a factor of 277?
False
Does 25 divide 1578?
False
Does 29 divide 6902?
True
Is 406 a multiple of 14?
True
Is 5 a factor of 427?
False
Does 20 divide 3740?
True
Is 12578 a multiple of 3?
False
Does 7 divide 180?
False
Is 140 a factor of 61224?
False
Is 5903 a multiple of 100?
False
Is 3844 a multiple of 28?
False
Does 35 divide 8179?
False
Is 504 a multiple of 21?
True
Is 34447 a mu